{"id":26,"date":"2015-02-03T13:04:50","date_gmt":"2015-02-03T11:04:50","guid":{"rendered":"http:\/\/www.globalcenter.info\/icobas\/?page_id=26"},"modified":"2023-12-17T15:48:02","modified_gmt":"2023-12-17T12:48:02","slug":"conference-registration","status":"publish","type":"page","link":"https:\/\/www.globalcenter.info\/icobas\/?page_id=26","title":{"rendered":"Conference Registration"},"content":{"rendered":"<form action=\"https:\/\/www.paypal.com\/cgi-bin\/webscr\" method=\"post\" target=\"_top\"><u><\/u><strong><strong><u>REGISTRATION INFORMATION<\/u><\/strong><\/strong><\/p>\n<table width=\"643\">\n<tbody>\n<tr>\n<td width=\"132\"><\/td>\n<td width=\"164\"><strong>Early Registration Before<\/strong><strong><br \/>\n30 December 2023<\/strong><\/td>\n<td width=\"190\"><strong>Late<\/strong><strong>\u00a0<\/strong><strong>Registration<\/strong><strong> After<br \/>\n30 January 2023<\/strong><\/td>\n<td width=\"157\"><strong>Registration Desk<\/strong><\/td>\n<\/tr>\n<tr>\n<td width=\"132\">Oral Participant<\/td>\n<td width=\"164\"><strong>\u20ac110<\/strong><\/td>\n<td width=\"190\">\u20ac120<\/td>\n<td width=\"157\">\u20ac150<\/td>\n<\/tr>\n<tr>\n<td width=\"132\">Virtual Participant<\/td>\n<td width=\"164\"><strong>\u20ac110<\/strong><\/td>\n<td width=\"190\">\u20ac120<\/td>\n<td width=\"157\">\u20ac150<\/td>\n<\/tr>\n<tr>\n<td width=\"132\">Audience<\/td>\n<td width=\"164\"><strong>\u20ac50<\/strong><\/td>\n<td width=\"190\">\u20ac60<\/td>\n<td width=\"157\">\u20ac80<\/td>\n<\/tr>\n<tr>\n<td width=\"132\">Accompanying Person<\/td>\n<td width=\"164\"><strong>\u20ac40<\/strong><\/td>\n<td width=\"190\">\u20ac50<\/td>\n<td width=\"157\">\u20ac70<\/td>\n<\/tr>\n<\/tbody>\n<\/table>\n<p><u><\/u><b><span style=\"color: #ff0000;\">NOTE: Please let us know to how you would like to attend the conference by email.<\/span><\/b><\/p>\n<p><strong><u>Important:<\/u><\/strong><\/p>\n<ul>\n<li>At least one author has to register within 2 weeks after notification to be included into the programme.<\/li>\n<li>If a paper has multiple authors and these authors\u2019 names are written in more than two papers, these authors have made normal registration payment<\/li>\n<li>The second and more papers 80\u20ac Euro each.<\/li>\n<li>A Group discount of 15% is available for 6 or more participants (except student) from the same institution, registering at the same time.<\/li>\n<li>If your paper is not accepted by the reviewers, your payment will be refunded.<\/li>\n<li>When you make your payment please scan your payment receipt to <a href=\"mailto:icobas.info@gmail.com\">icobas.info@gmail.com<\/a>\u00a0and also do not forget to write paper ID number<\/li>\n<li>Full article should be at least 3500 words and not more than 6000 words.<\/li>\n<li>Refund is only possible till 20 days before from the conference starting date, and you will get your refund after one week later from the conference finishing date.<\/li>\n<li>TRNC citizens are exempt from the participation fee.<\/li>\n<\/ul>\n<p><span style=\"color: #ff0000;\"><strong><span style=\"text-decoration: underline;\">CREDIT CARD PAYMENT<\/span><\/strong><\/span><\/p>\n<p><a href=\"https:\/\/www.globalcenter.info\/payment\/index.php?route=product\/product&amp;product_id=292\"><img loading=\"lazy\" decoding=\"async\" class=\"alignnone\" src=\"http:\/\/www.globalcenter.info\/icobas\/wp-content\/uploads\/2020\/04\/payment-logo-300x109-1.png\" alt=\"Bu g\u00f6rsel bo\u015f bir alt niteli\u011fe sahip; dosya ad\u0131 payment-logo-300x109-1.png\" width=\"300\" height=\"109\" \/><\/a><\/p>\n<\/form>\n<p><span style=\"color: #ff0000;\"><img loading=\"lazy\" decoding=\"async\" style=\"display: none !important;\" src=\"https:\/\/www.paypalobjects.com\/en_US\/i\/scr\/pixel.gif\" alt=\"\" width=\"1\" height=\"1\" border=\"0\" \/><strong>Contacts for Registration and Accommodation Only<\/strong><\/span><\/p>\n<p>WhatsApp:+90 542 873 73 31<br \/>\nEmail: congress.infodesk@gmail.com<\/p>\n<p><strong>Important Note:<\/strong>\u00a0This phone opens from 9.00 am to 18.00 pm\u00a0<span style=\"color: #ff0000;\"><strong>(GMT+02:00 \u2013 Athens, Istanbul)<\/strong>\u00a0<\/span>during the week. If the organizer of the conference is not convenient, he might not reply your phone. You can call again after a while in order to contact to him.<\/p>\n","protected":false},"excerpt":{"rendered":"<div class=\"mh-excerpt\"><p>REGISTRATION INFORMATION Early Registration Before 30 December 2023 Late\u00a0Registration After 30 January 2023 Registration Desk Oral Participant \u20ac110 \u20ac120 \u20ac150 Virtual Participant \u20ac110 \u20ac120 \u20ac150 <a class=\"mh-excerpt-more\" href=\"https:\/\/www.globalcenter.info\/icobas\/?page_id=26\" title=\"Conference Registration\">[&#8230;]<\/a><\/p>\n<\/div>","protected":false},"author":2,"featured_media":0,"parent":0,"menu_order":0,"comment_status":"closed","ping_status":"open","template":"","meta":{"footnotes":""},"class_list":["post-26","page","type-page","status-publish","hentry"],"_links":{"self":[{"href":"https:\/\/www.globalcenter.info\/icobas\/index.php?rest_route=\/wp\/v2\/pages\/26"}],"collection":[{"href":"https:\/\/www.globalcenter.info\/icobas\/index.php?rest_route=\/wp\/v2\/pages"}],"about":[{"href":"https:\/\/www.globalcenter.info\/icobas\/index.php?rest_route=\/wp\/v2\/types\/page"}],"author":[{"embeddable":true,"href":"https:\/\/www.globalcenter.info\/icobas\/index.php?rest_route=\/wp\/v2\/users\/2"}],"replies":[{"embeddable":true,"href":"https:\/\/www.globalcenter.info\/icobas\/index.php?rest_route=%2Fwp%2Fv2%2Fcomments&post=26"}],"version-history":[{"count":69,"href":"https:\/\/www.globalcenter.info\/icobas\/index.php?rest_route=\/wp\/v2\/pages\/26\/revisions"}],"predecessor-version":[{"id":1071,"href":"https:\/\/www.globalcenter.info\/icobas\/index.php?rest_route=\/wp\/v2\/pages\/26\/revisions\/1071"}],"wp:attachment":[{"href":"https:\/\/www.globalcenter.info\/icobas\/index.php?rest_route=%2Fwp%2Fv2%2Fmedia&parent=26"}],"curies":[{"name":"wp","href":"https:\/\/api.w.org\/{rel}","templated":true}]}}