{"id":535,"date":"2019-03-12T11:04:46","date_gmt":"2019-03-12T08:04:46","guid":{"rendered":"http:\/\/www.globalcenter.info\/icobas\/?page_id=535"},"modified":"2019-03-12T11:04:46","modified_gmt":"2019-03-12T08:04:46","slug":"icobas-2018","status":"publish","type":"page","link":"https:\/\/www.globalcenter.info\/icobas\/?page_id=535","title":{"rendered":"ICOBAS 2018"},"content":{"rendered":"\n<p style=\"text-align:center\"><strong>4th International Conference on Business, Finance and Administrative Sciences (ICOBAS-2018)<br> Grand Hotel Halic Conference Center<br> Istanbul, Turkey<br> September 06-08, 2018<\/strong><\/p>\n\n\n\n<p>Link to\u00a0ICOBAS 2018\u00a0Poster is available\u00a0<a href=\"http:\/\/www.globalcenter.info\/wces\/wp-content\/uploads\/2019\/03\/1-adet.jpg\" target=\"_blank\" rel=\"noreferrer noopener\" aria-label=\"here (yeni sekmede a\u00e7\u0131l\u0131r)\">here<\/a><br>Link to ICOBAS 2018 Abstract Book is available\u00a0<a rel=\"noreferrer noopener\" href=\"http:\/\/awer-center.org\/\" target=\"_blank\">here<br><\/a>Link to ICOBAS 2018\u00a0Program Book is available\u00a0<a rel=\"noreferrer noopener\" aria-label=\"here (yeni sekmede a\u00e7\u0131l\u0131r)\" href=\"http:\/\/www.globalcenter.info\/wces\/wp-content\/uploads\/2019\/03\/PROGRAM-ICOBAS-2018.pdf\" target=\"_blank\">here<\/a><\/p>\n","protected":false},"excerpt":{"rendered":"<div class=\"mh-excerpt\"><p>4th International Conference on Business, Finance and Administrative Sciences (ICOBAS-2018) Grand Hotel Halic Conference Center Istanbul, Turkey September 06-08, 2018 Link to\u00a0ICOBAS 2018\u00a0Poster is available\u00a0hereLink <a class=\"mh-excerpt-more\" href=\"https:\/\/www.globalcenter.info\/icobas\/?page_id=535\" title=\"ICOBAS 2018\">[&#8230;]<\/a><\/p>\n<\/div>","protected":false},"author":2,"featured_media":0,"parent":0,"menu_order":0,"comment_status":"closed","ping_status":"closed","template":"","meta":{"footnotes":""},"class_list":["post-535","page","type-page","status-publish","hentry"],"_links":{"self":[{"href":"https:\/\/www.globalcenter.info\/icobas\/index.php?rest_route=\/wp\/v2\/pages\/535"}],"collection":[{"href":"https:\/\/www.globalcenter.info\/icobas\/index.php?rest_route=\/wp\/v2\/pages"}],"about":[{"href":"https:\/\/www.globalcenter.info\/icobas\/index.php?rest_route=\/wp\/v2\/types\/page"}],"author":[{"embeddable":true,"href":"https:\/\/www.globalcenter.info\/icobas\/index.php?rest_route=\/wp\/v2\/users\/2"}],"replies":[{"embeddable":true,"href":"https:\/\/www.globalcenter.info\/icobas\/index.php?rest_route=%2Fwp%2Fv2%2Fcomments&post=535"}],"version-history":[{"count":1,"href":"https:\/\/www.globalcenter.info\/icobas\/index.php?rest_route=\/wp\/v2\/pages\/535\/revisions"}],"predecessor-version":[{"id":536,"href":"https:\/\/www.globalcenter.info\/icobas\/index.php?rest_route=\/wp\/v2\/pages\/535\/revisions\/536"}],"wp:attachment":[{"href":"https:\/\/www.globalcenter.info\/icobas\/index.php?rest_route=%2Fwp%2Fv2%2Fmedia&parent=535"}],"curies":[{"name":"wp","href":"https:\/\/api.w.org\/{rel}","templated":true}]}}