{"id":991,"date":"2023-01-06T21:11:44","date_gmt":"2023-01-06T18:11:44","guid":{"rendered":"http:\/\/www.globalcenter.info\/icobas\/?page_id=991"},"modified":"2023-09-06T10:52:34","modified_gmt":"2023-09-06T07:52:34","slug":"icobas-2022","status":"publish","type":"page","link":"https:\/\/www.globalcenter.info\/icobas\/?page_id=991","title":{"rendered":"ICOBAS-2022"},"content":{"rendered":"\n<p class=\"has-text-align-center\"><strong>7th International Conference on Business, Finance and Administrative Sciences<\/strong><br><strong>(ICOBAS-2022)<\/strong><\/p>\n\n\n\n<p class=\"has-text-align-center\"><strong>ANTALYA TURKEY<\/strong><br><strong>13 &#8211; 15 MAY 2022<\/strong><\/p>\n\n\n\n<p>Link to&nbsp;ICOBAS 2022&nbsp;Social Media is available&nbsp;<a rel=\"noreferrer noopener\" aria-label=\"here (yeni sekmede a\u00e7\u0131l\u0131r)\" href=\"http:\/\/www.globalcenter.info\/icobas\/wp-content\/uploads\/2020\/07\/icobasfacebook2020.jpg\" target=\"_blank\">here<\/a><br>Link to ICOBAS 2022 Abstract Book is available&nbsp;<a href=\"http:\/\/www.globalcenter.info\/icobas\/wp-content\/uploads\/2023\/01\/ICOBAS-2022-AB.pdf\" target=\"_blank\" rel=\"noreferrer noopener\" aria-label=\" (yeni sekmede a\u00e7\u0131l\u0131r)\">here<br><\/a>Link to ICOBAS 2022&nbsp;Program Book is available&nbsp;<a href=\"http:\/\/www.globalcenter.info\/icobas\/wp-content\/uploads\/2023\/01\/ICOBAS-2022-Programme-book.pdf\" target=\"_blank\" rel=\"noreferrer noopener\" aria-label=\" (yeni sekmede a\u00e7\u0131l\u0131r)\">here <\/a><\/p>\n\n\n<p><!--EndFragment--><\/p>","protected":false},"excerpt":{"rendered":"<div class=\"mh-excerpt\"><p>7th International Conference on Business, Finance and Administrative Sciences(ICOBAS-2022) ANTALYA TURKEY13 &#8211; 15 MAY 2022 Link to&nbsp;ICOBAS 2022&nbsp;Social Media is available&nbsp;hereLink to ICOBAS 2022 Abstract <a class=\"mh-excerpt-more\" href=\"https:\/\/www.globalcenter.info\/icobas\/?page_id=991\" title=\"ICOBAS-2022\">[&#8230;]<\/a><\/p>\n<\/div>","protected":false},"author":2,"featured_media":0,"parent":0,"menu_order":0,"comment_status":"closed","ping_status":"closed","template":"","meta":{"footnotes":""},"class_list":["post-991","page","type-page","status-publish","hentry"],"_links":{"self":[{"href":"https:\/\/www.globalcenter.info\/icobas\/index.php?rest_route=\/wp\/v2\/pages\/991"}],"collection":[{"href":"https:\/\/www.globalcenter.info\/icobas\/index.php?rest_route=\/wp\/v2\/pages"}],"about":[{"href":"https:\/\/www.globalcenter.info\/icobas\/index.php?rest_route=\/wp\/v2\/types\/page"}],"author":[{"embeddable":true,"href":"https:\/\/www.globalcenter.info\/icobas\/index.php?rest_route=\/wp\/v2\/users\/2"}],"replies":[{"embeddable":true,"href":"https:\/\/www.globalcenter.info\/icobas\/index.php?rest_route=%2Fwp%2Fv2%2Fcomments&post=991"}],"version-history":[{"count":3,"href":"https:\/\/www.globalcenter.info\/icobas\/index.php?rest_route=\/wp\/v2\/pages\/991\/revisions"}],"predecessor-version":[{"id":1047,"href":"https:\/\/www.globalcenter.info\/icobas\/index.php?rest_route=\/wp\/v2\/pages\/991\/revisions\/1047"}],"wp:attachment":[{"href":"https:\/\/www.globalcenter.info\/icobas\/index.php?rest_route=%2Fwp%2Fv2%2Fmedia&parent=991"}],"curies":[{"name":"wp","href":"https:\/\/api.w.org\/{rel}","templated":true}]}}