{"id":50,"date":"2014-08-20T16:50:59","date_gmt":"2014-08-20T13:50:59","guid":{"rendered":"http:\/\/www.globalcenter.info\/wc-bigdata\/?page_id=50"},"modified":"2025-12-18T19:03:45","modified_gmt":"2025-12-18T16:03:45","slug":"organizing-committee","status":"publish","type":"page","link":"https:\/\/www.globalcenter.info\/wc-bigdata\/?page_id=50","title":{"rendered":"Organizing Committee"},"content":{"rendered":"<p><strong>Organized by<\/strong><a href=\"http:\/\/www.neu.edu.tr\/en\"><br \/>\n<\/a><a href=\"http:\/\/www.facebook.com\/taegcenter\" target=\"_blank\" rel=\"noopener noreferrer\"><b>The Academic Event Group<\/b><br \/>\n<\/a>Association for Education Science and Technology<\/p>\n<p><strong>Program Chair<br \/>\n<\/strong><a href=\"http:\/\/staff.neu.edu.tr\/dogan.ibrahim\/\" target=\"_blank\" rel=\"noopener noreferrer\" data-saferedirecturl=\"https:\/\/www.google.com\/url?q=http:\/\/staff.neu.edu.tr\/dogan.ibrahim\/&amp;source=gmail&amp;ust=1564735964029000&amp;usg=AFQjCNFVT2IkJLd4dIBnB5aul9WeCN7pIw\">Prof. Dr. Do\u011fan Ibrahim<\/a>, Near East University, Cyprus (Retired)<\/p>\n<p><b>International Program Committee<br \/>\n<\/b><a href=\"https:\/\/al.linkedin.com\/in\/adisa-daberdini-0a029a29\" target=\"_blank\" rel=\"noopener noreferrer\" data-saferedirecturl=\"https:\/\/www.google.com\/url?q=https:\/\/al.linkedin.com\/in\/adisa-daberdini-0a029a29&amp;source=gmail&amp;ust=1563465444170000&amp;usg=AFQjCNGb_ucVlgimhhnJVyS65t-l7ygTiw\">Adisa Daberdini<\/a>,\u00a0<i>Albanian University<\/i>, Albania<br \/>\n<a href=\"http:\/\/www.websitem.gazi.edu.tr\/site\/asli\/academic\" target=\"_blank\" rel=\"noopener noreferrer\" data-saferedirecturl=\"https:\/\/www.google.com\/url?q=http:\/\/www.websitem.gazi.edu.tr\/site\/asli\/academic&amp;source=gmail&amp;ust=1563465444170000&amp;usg=AFQjCNFyY1lsVjgvJ1rGEpxnQOMwS-YRVQ\">Asl\u0131han T\u00fcfek\u00e7i<\/a>,\u00a0<i>Gazi University<\/i>, Turkey<br \/>\n<a href=\"http:\/\/www.mie.utoronto.ca\/faculty\/turksen\/\" target=\"_blank\" rel=\"noopener noreferrer\" data-saferedirecturl=\"https:\/\/www.google.com\/url?q=http:\/\/www.mie.utoronto.ca\/faculty\/turksen\/&amp;source=gmail&amp;ust=1563465444170000&amp;usg=AFQjCNHy2dc-7TnEEuRMnFf2yrGJwqKWbg\">B. Turksen<\/a>, University of Toronto, Canada<br \/>\n<a href=\"https:\/\/scholar.google.com\/citations?user=k8Q3iJAAAAAJ&amp;hl=de\" target=\"_blank\" rel=\"noopener noreferrer\" data-saferedirecturl=\"https:\/\/www.google.com\/url?q=https:\/\/scholar.google.com\/citations?user%3Dk8Q3iJAAAAAJ%26hl%3Dde&amp;source=gmail&amp;ust=1563465444170000&amp;usg=AFQjCNFOqvYRwYLYyjTM4-dplEs5FVauww\">Bashkim Ziberi<\/a>,\u00a0<i>State University of Tetova<\/i>, Republic of Macedonia<b><br \/>\n<\/b><a href=\"https:\/\/handbook.cqu.edu.au\/profiles\/view\/1645\" target=\"_blank\" rel=\"noopener noreferrer\" data-saferedirecturl=\"https:\/\/www.google.com\/url?q=https:\/\/handbook.cqu.edu.au\/profiles\/view\/1645&amp;source=gmail&amp;ust=1563465444170000&amp;usg=AFQjCNEPYE7pRSa77ZGcH_EKS08p0mwYXQ\">Ergun Gide<\/a>,\u00a0<i>CQUniversity Sydney<\/i>, Australia<br \/>\n<a href=\"http:\/\/www.seeu.edu.mk\/en\/~l.abazi\" target=\"_blank\" rel=\"noopener noreferrer\" data-saferedirecturl=\"https:\/\/www.google.com\/url?q=http:\/\/www.seeu.edu.mk\/en\/~l.abazi&amp;source=gmail&amp;ust=1563465444170000&amp;usg=AFQjCNH7_9gH1VpbnkrQTRmFh0ncNMhfHA\">Lejla Abazi<\/a>,\u00a0<i>South East European University<\/i>, Republic of Macedonia<br \/>\n<strong>Levent \u00c7etinkaya<\/strong>, \u00c7anakkale Onsekiz Mart University, Turkey<br \/>\n<a href=\"http:\/\/www.mdx.ac.uk\/about-us\/our-people\/staff-directory\/profile\/karamanoglu-mehmet\" target=\"_blank\" rel=\"noopener noreferrer\" data-saferedirecturl=\"https:\/\/www.google.com\/url?q=http:\/\/www.mdx.ac.uk\/about-us\/our-people\/staff-directory\/profile\/karamanoglu-mehmet&amp;source=gmail&amp;ust=1563465444170000&amp;usg=AFQjCNHSy2fHg8MwZOy2Njh-rKZMD_1ZsQ\">Mehmet Karamanoglu<\/a>,\u00a0<i>Middlesex University<\/i>, UK<br \/>\n<a href=\"https:\/\/www.linkedin.com\/in\/naile-demiri-8392632a\" target=\"_blank\" rel=\"noopener noreferrer\" data-saferedirecturl=\"https:\/\/www.google.com\/url?q=https:\/\/www.linkedin.com\/in\/naile-demiri-8392632a&amp;source=gmail&amp;ust=1563465444170000&amp;usg=AFQjCNG1kF2TtwR-p6tCl0tut2D7kAvqig\">Naile Demiri<\/a>,\u00a0<i>AAB College<\/i>, Republic of Kosovo<br \/>\n<a href=\"https:\/\/mk.linkedin.com\/in\/valentina-gogovska-724b3036\" target=\"_blank\" rel=\"noopener noreferrer\" data-saferedirecturl=\"https:\/\/www.google.com\/url?q=https:\/\/mk.linkedin.com\/in\/valentina-gogovska-724b3036&amp;source=gmail&amp;ust=1563465444170000&amp;usg=AFQjCNHIe3-bsPNEYZK8jrngDq93b9GJNg\">Valentina Gogovska<\/a>,\u00a0<i>Ss. Cyril and Methodius University in Skopje<\/i>, Republic of Macedonia<br \/>\n<a href=\"http:\/\/aab-edu.net\/en\/persons\/venera-kabashi-llunji-en-translation\/\" target=\"_blank\" rel=\"noopener noreferrer\" data-saferedirecturl=\"https:\/\/www.google.com\/url?q=http:\/\/aab-edu.net\/en\/persons\/venera-kabashi-llunji-en-translation\/&amp;source=gmail&amp;ust=1563465444170000&amp;usg=AFQjCNGXas2SDq54lGyctTYlUNb_FWasxg\">Venera Llunji<\/a>,\u00a0<i>AAB College<\/i>, Republic of Kosovo<\/p>\n<p><strong>Organizing Committee<br \/>\n<\/strong>Dr. Tahir Tavuk\u00e7u, <em>Cyprus Social Sciences University<\/em><br \/>\nDr. Nihat Ekizo\u011flu, <em>Ataturk Teacher Training Academy<\/em><br \/>\nBlerta Prevalla Etemi<strong>, <\/strong><em>AAB University<\/em><br \/>\nFlorijeta Hulaj, <em>AAB College<\/em><br \/>\nLilia Trushko, <em>Girne American University<\/em><br \/>\nNesli Bahar Yava\u015f, <em>European University of Lefke<\/em><br \/>\nSemih \u00c7al\u0131\u015fkan, <em>Izmir T\u0131naztepe University<\/em><br \/>\nZeynep Gen\u00e7, <em>Istanbul Ayd\u0131n University<strong>\u00a0<\/strong><\/em><\/p>\n<p><strong>Secretariat<\/strong><br \/>\nOnwudiwe Kenechukwu<br \/>\n<a href=\"mailto:wc.bigdata@gmail.com\">wc.bigdata@gmail.com<\/a><\/p>\n","protected":false},"excerpt":{"rendered":"<p>Organized by The Academic Event Group Association for Education Science and Technology Program Chair Prof. Dr. Do\u011fan Ibrahim, Near East University, Cyprus (Retired) International Program Committee Adisa Daberdini,\u00a0Albanian University, Albania Asl\u0131han T\u00fcfek\u00e7i,\u00a0Gazi University, Turkey B. Turksen, University of Toronto, Canada &hellip;<\/p>\n<p class=\"read-more\"> <a class=\"more-link\" href=\"https:\/\/www.globalcenter.info\/wc-bigdata\/?page_id=50\"> <span class=\"screen-reader-text\">Organizing Committee<\/span> Read More &raquo;<\/a><\/p>\n","protected":false},"author":2,"featured_media":0,"parent":0,"menu_order":0,"comment_status":"open","ping_status":"open","template":"","meta":{"footnotes":""},"class_list":["post-50","page","type-page","status-publish","hentry"],"_links":{"self":[{"href":"https:\/\/www.globalcenter.info\/wc-bigdata\/index.php?rest_route=\/wp\/v2\/pages\/50"}],"collection":[{"href":"https:\/\/www.globalcenter.info\/wc-bigdata\/index.php?rest_route=\/wp\/v2\/pages"}],"about":[{"href":"https:\/\/www.globalcenter.info\/wc-bigdata\/index.php?rest_route=\/wp\/v2\/types\/page"}],"author":[{"embeddable":true,"href":"https:\/\/www.globalcenter.info\/wc-bigdata\/index.php?rest_route=\/wp\/v2\/users\/2"}],"replies":[{"embeddable":true,"href":"https:\/\/www.globalcenter.info\/wc-bigdata\/index.php?rest_route=%2Fwp%2Fv2%2Fcomments&post=50"}],"version-history":[{"count":26,"href":"https:\/\/www.globalcenter.info\/wc-bigdata\/index.php?rest_route=\/wp\/v2\/pages\/50\/revisions"}],"predecessor-version":[{"id":1076,"href":"https:\/\/www.globalcenter.info\/wc-bigdata\/index.php?rest_route=\/wp\/v2\/pages\/50\/revisions\/1076"}],"wp:attachment":[{"href":"https:\/\/www.globalcenter.info\/wc-bigdata\/index.php?rest_route=%2Fwp%2Fv2%2Fmedia&parent=50"}],"curies":[{"name":"wp","href":"https:\/\/api.w.org\/{rel}","templated":true}]}}