{"id":9,"date":"2014-08-20T16:46:53","date_gmt":"2014-08-20T13:46:53","guid":{"rendered":"http:\/\/www.globalcenter.info\/wc-bigdata\/?page_id=9"},"modified":"2025-10-29T12:44:15","modified_gmt":"2025-10-29T09:44:15","slug":"accomodation","status":"publish","type":"page","link":"https:\/\/www.globalcenter.info\/wc-bigdata\/?page_id=9","title":{"rendered":"Accomodation"},"content":{"rendered":"<figure class=\"wp-block-image size-full\"><img loading=\"lazy\" decoding=\"async\" class=\"wp-image-1305\" src=\"https:\/\/www.globalcenter.info\/wc-bem\/wp-content\/uploads\/2025\/07\/Picture1.jpg\" sizes=\"(max-width: 605px) 85vw, 605px\" srcset=\"https:\/\/www.globalcenter.info\/wc-bem\/wp-content\/uploads\/2025\/07\/Picture1.jpg 605w, https:\/\/www.globalcenter.info\/wc-bem\/wp-content\/uploads\/2025\/07\/Picture1-300x63.jpg 300w\" alt=\"\" width=\"605\" height=\"127\" \/><\/figure>\n<p><a href=\"https:\/\/www.corendonhotels.com.tr\/grand-park-lara\"><strong>Grand Park Lara Hotel<\/strong><\/a><strong>\u00a0*****<br \/>\n<\/strong>Kemera\u011fz\u0131 Mahallesi, Ya\u015far Sobutay Blv<br \/>\nNo: 37, 07112<br \/>\nAksu\/Antalya, Turkey<br \/>\n<em>(20 Minutes far from Antalya International Airport)<\/em><\/p>\n<figure class=\"wp-block-table\">\n<table class=\"has-fixed-layout\">\n<tbody>\n<tr>\n<td><\/td>\n<td><strong>Early Registration<br \/>\nUntil September 15, 2025<\/strong><\/td>\n<td><strong>After September 15, 2025<\/strong><\/td>\n<td><strong>Registration Desk<\/strong><\/td>\n<\/tr>\n<tr>\n<td><strong>STANDARTD<\/strong><br \/>\n<strong>ROOM<\/strong><\/td>\n<td><\/td>\n<td><\/td>\n<td><\/td>\n<\/tr>\n<tr>\n<td><strong>Single Room<\/strong><\/td>\n<td>\u00a090\u20ac<\/td>\n<td>100 \u20ac<\/td>\n<td>105 \u20ac<\/td>\n<\/tr>\n<tr>\n<td><strong>Double*<\/strong><\/td>\n<td>120 \u20ac\u00a0<strong>*<\/strong><\/td>\n<td>130 \u20ac\u00a0<strong>*<\/strong><\/td>\n<td>140\u20ac<\/td>\n<\/tr>\n<tr>\n<td><strong>Triple<\/strong>\u00a0*<\/td>\n<td>180 \u20ac\u00a0<strong>*<\/strong><\/td>\n<td>200 \u20ac\u00a0<strong>*<\/strong><\/td>\n<td>210 \u20ac\u00a0<strong>*<\/strong><\/td>\n<\/tr>\n<\/tbody>\n<\/table>\n<\/figure>\n<ul class=\"wp-block-list\">\n<li>External participants staying at hotels other than the conference hotel will pay an additional daily hotel entrance fee of \u20ac45 per person. External participants will also benefit from the hotel&#8217;s All Inclusive Concept.<\/li>\n<li>If you\u2019d like, we can help you stay with a same-sex roommate as a conference attendee. This way, you can pay lower room rates. You can contact us.<\/li>\n<\/ul>\n<p><strong><u>MAKE A ROOM RESERVATION<\/u><\/strong><\/p>\n<p>Please\u00a0<a href=\"https:\/\/forms.gle\/Rs9FskfnNcDuFStv8\"><strong>click here<\/strong><\/a> to make HOTEL ROOM RESERVATION<\/p>\n<p><mark class=\"has-inline-color has-bright-red-color\"><\/mark><strong><u>BANK PAYMENT<\/u><\/strong><\/p>\n<p>\u2022If you prefer to make your registration payment via bank,\u00a0<a href=\"http:\/\/www.globalcenter.info\/wc-bem\/wp-content\/uploads\/2025\/10\/Akbank_Bank-Details_05.06.2024-Euro-1.pdf\">Please click here for BANK TRANSFER PAYMENT information.<\/a><br \/>\n\u2022When you make your payment, please scan document or download from your bank and sent to congress email address,\u00a0\u00a0<a href=\"mailto:congress.infodesk@gmail.com\">congress.infodesk@gmail.com<\/a>\u00a0 and also do not forget to write paper ID.<\/p>\n<p><strong><u>CREDIT CARD PAYMENT<\/u><\/strong><\/p>\n<p>\u2022If you prefer to make your registration payment with Credit Card,\u00a0<a href=\"https:\/\/www.globalcenter.info\/payment\/index.php?route=product\/category&amp;path=168\">Please click here for CREDIT CARD PAYMENT<\/a><\/p>\n<p><strong><u>FACILITIES (All Inclusive)<\/u><\/strong><\/p>\n<p>\u2022 All-inclusive accommodation ((hotel room, open buffet breakfast, late open buffet breakfast, open buffet lunch, open buffet pool bar, open buffet dinner, late dinner and all alcoholic and soft beverages)<br \/>\n\u2022 Participants who do not stay at the Grand Park Lara Hotel must pay an extra 35\u20ac per day according to the hotel principle.<br \/>\n\u2022 First and second child: 0-13 years old free of charge<br \/>\n\u2022 Child discounts are valid if they are in the same room as their parents.<br \/>\n\u2022 The prices stated are our net prices including VAT.<br \/>\n\u2022 Internet service (wireless)<br \/>\n\u2022 Lobby Piano Bar, Pool Bar, Disco Bar<br \/>\n\u2022 Open buffet lunch, Late breakfast buffet, Chopin Cafe &amp; Patisserie, Pool Snack<br \/>\n\u2022 Evening buffet, Vegetarian Buffet, Coffee and Cake, Afternoon Snacks, Diet Buffet<br \/>\n\u2022 Midnight soup and snacks, Sandwich Service, All Alcoholic Beverages, Soft Drinks<br \/>\n\u2022 Hot Drinks, Tea \u2013 Coffee<\/p>\n<p><strong><u>ADDITIONAL DETAILS:<\/u><\/strong><\/p>\n<p>\u2022 The entrance to the hotel is made as of 12:30. Rooms are given after 14:00.<br \/>\n\u2022 Open buffet lunch (12:30-14:00) on the check-in day and open buffet breakfast (07:00-10:00) on the check-out day are included in the price.<br \/>\n\u2022 All services received before 12:30 on the check-in day, lounge use, bar, restaurant and snack buffet etc. use-chargeable.<br \/>\n\u2022 In case of request for open buffet breakfast on the arrival day, 10 EURO per person is charged. Payment is made to the hotel in advance.<br \/>\n\u2022 On the day of departure, the rooms are delivered to the Hotel at 12:00 at the latest.<br \/>\n\u2022 All services received after 12:00 on the day of departure, lounge use, lunch, bar, restaurant and snack buffet etc. use-chargeable.<br \/>\n\u2022 If there is an open buffet lunch request on the day of departure, 15 EURO per person is charged. Payment is made to the hotel in advance.<br \/>\n\u2022 If there is an open buffet dinner request on the day of departure, 20 EURO per person is charged. Payment is made to the hotel in advance.<br \/>\n\u2022 0.5 lt of water is provided free of charge, depending on the number of people in the room\/minibar. Extra requests\/Room service will be charged extra.<\/p>\n<p><strong><u>EXTERNAL PARTICIPANTS DETAILS:<\/u><\/strong><\/p>\n<p>\u2022 In the case of an external participant, there is an extra charge of 45 EURO per person.<br \/>\n\u2022 Price includes 1 open buffet lunch and coffee break with cookies twice a day in the meeting room. (Valid between 09:00-17:00)<br \/>\n\u2022 For external participants, open buffet breakfast and open buffet dinner are charged extra.<\/p>\n","protected":false},"excerpt":{"rendered":"<p>Grand Park Lara Hotel\u00a0***** Kemera\u011fz\u0131 Mahallesi, Ya\u015far Sobutay Blv No: 37, 07112 Aksu\/Antalya, Turkey (20 Minutes far from Antalya International Airport) Early Registration Until September 15, 2025 After September 15, 2025 Registration Desk STANDARTD ROOM Single Room \u00a090\u20ac 100 \u20ac &hellip;<\/p>\n<p class=\"read-more\"> <a class=\"more-link\" href=\"https:\/\/www.globalcenter.info\/wc-bigdata\/?page_id=9\"> <span class=\"screen-reader-text\">Accomodation<\/span> Read More &raquo;<\/a><\/p>\n","protected":false},"author":2,"featured_media":0,"parent":0,"menu_order":0,"comment_status":"open","ping_status":"open","template":"","meta":{"footnotes":""},"class_list":["post-9","page","type-page","status-publish","hentry"],"_links":{"self":[{"href":"https:\/\/www.globalcenter.info\/wc-bigdata\/index.php?rest_route=\/wp\/v2\/pages\/9"}],"collection":[{"href":"https:\/\/www.globalcenter.info\/wc-bigdata\/index.php?rest_route=\/wp\/v2\/pages"}],"about":[{"href":"https:\/\/www.globalcenter.info\/wc-bigdata\/index.php?rest_route=\/wp\/v2\/types\/page"}],"author":[{"embeddable":true,"href":"https:\/\/www.globalcenter.info\/wc-bigdata\/index.php?rest_route=\/wp\/v2\/users\/2"}],"replies":[{"embeddable":true,"href":"https:\/\/www.globalcenter.info\/wc-bigdata\/index.php?rest_route=%2Fwp%2Fv2%2Fcomments&post=9"}],"version-history":[{"count":33,"href":"https:\/\/www.globalcenter.info\/wc-bigdata\/index.php?rest_route=\/wp\/v2\/pages\/9\/revisions"}],"predecessor-version":[{"id":1064,"href":"https:\/\/www.globalcenter.info\/wc-bigdata\/index.php?rest_route=\/wp\/v2\/pages\/9\/revisions\/1064"}],"wp:attachment":[{"href":"https:\/\/www.globalcenter.info\/wc-bigdata\/index.php?rest_route=%2Fwp%2Fv2%2Fmedia&parent=9"}],"curies":[{"name":"wp","href":"https:\/\/api.w.org\/{rel}","templated":true}]}}