{"id":1317,"date":"2019-11-12T10:27:02","date_gmt":"2019-11-12T07:27:02","guid":{"rendered":"http:\/\/www.globalcenter.info\/wcetr\/?page_id=1317"},"modified":"2021-02-05T12:22:37","modified_gmt":"2021-02-05T09:22:37","slug":"wcetr-2019-2","status":"publish","type":"page","link":"https:\/\/www.globalcenter.info\/wcetr\/?page_id=1317","title":{"rendered":"WCETR &#8211; 2019"},"content":{"rendered":"\n<p class=\"has-text-align-center\"><strong> 9th WORLD CONFERENCE ON EDUCATIONAL TECHNOLOGY RESEARCHES (WCETR-2019) <\/strong><br><strong>Grand Park Lara Hotel Convention Center Antalya, Turkey <br>25 \u2013 28 April 2019 <\/strong><\/p>\n\n\n\n<p>Link to WCETR 2019 Abstract Book is available\u00a0<a rel=\"noreferrer noopener\" aria-label=\"here (yeni sekmede a\u00e7\u0131l\u0131r)\" href=\"http:\/\/www.globalcenter.info\/wcetr\/?page_id=1262\" target=\"_blank\">here<\/a><a rel=\"noreferrer noopener\" href=\"http:\/\/awer-center.org\/\" target=\"_blank\"><br><\/a>Link to WCETR 2019 Program Book is available\u00a0<a href=\"http:\/\/www.globalcenter.info\/wcetr\/wp-content\/uploads\/2021\/02\/WCETR-2019-Draft-Program.pdf\">here<\/a><br>Photos from\u00a0 WCETR\u00a02019 is available at\u00a0<a rel=\"noreferrer noopener\" aria-label=\"here (yeni sekmede a\u00e7\u0131l\u0131r)\" href=\"http:\/\/www.facebook.com\/taeg_center\" target=\"_blank\">here<\/a>.<\/p>\n","protected":false},"excerpt":{"rendered":"<p>9th WORLD CONFERENCE ON EDUCATIONAL TECHNOLOGY RESEARCHES (WCETR-2019) Grand Park Lara Hotel Convention Center Antalya, Turkey 25 \u2013 28 April 2019 Link to WCETR 2019 Abstract Book is available\u00a0hereLink to WCETR 2019 Program Book is available\u00a0herePhotos from\u00a0 WCETR\u00a02019 is available at\u00a0here.<\/p>\n","protected":false},"author":2,"featured_media":0,"parent":0,"menu_order":0,"comment_status":"closed","ping_status":"closed","template":"","meta":{"footnotes":""},"class_list":["post-1317","page","type-page","status-publish","hentry"],"_links":{"self":[{"href":"https:\/\/www.globalcenter.info\/wcetr\/index.php?rest_route=\/wp\/v2\/pages\/1317"}],"collection":[{"href":"https:\/\/www.globalcenter.info\/wcetr\/index.php?rest_route=\/wp\/v2\/pages"}],"about":[{"href":"https:\/\/www.globalcenter.info\/wcetr\/index.php?rest_route=\/wp\/v2\/types\/page"}],"author":[{"embeddable":true,"href":"https:\/\/www.globalcenter.info\/wcetr\/index.php?rest_route=\/wp\/v2\/users\/2"}],"replies":[{"embeddable":true,"href":"https:\/\/www.globalcenter.info\/wcetr\/index.php?rest_route=%2Fwp%2Fv2%2Fcomments&post=1317"}],"version-history":[{"count":3,"href":"https:\/\/www.globalcenter.info\/wcetr\/index.php?rest_route=\/wp\/v2\/pages\/1317\/revisions"}],"predecessor-version":[{"id":1505,"href":"https:\/\/www.globalcenter.info\/wcetr\/index.php?rest_route=\/wp\/v2\/pages\/1317\/revisions\/1505"}],"wp:attachment":[{"href":"https:\/\/www.globalcenter.info\/wcetr\/index.php?rest_route=%2Fwp%2Fv2%2Fmedia&parent=1317"}],"curies":[{"name":"wp","href":"https:\/\/api.w.org\/{rel}","templated":true}]}}